j**3 + 6*j**2 + 6*j + 2. Calculate g(-4).
10
Let q(b) = 3*b**2 + 24*b - 11. What is q(-8)?
-11
Let w(v) = 3*v - 6. Give w(8).
18
Let f(y) = y**3 - 6*y**2 - y + 13. Give f(6).
7
Let n(l) = -l**2 - 15*l - 17. Calculate n(-14).
-3
Let n(s) = s**3 - 9*s**2 + 7*s. What is n(7)?
-49
Let i(t) = t**3 + 9*t**2 + 4*t + 2. Calculate i(-8).
34
Let a(l) = l**2 - 9*l - 3. Give a(10).
7
Let z(j) = -j**2 + 16*j - 32. What is z(14)?
-4
Let v(q) = -q**3 - 11*q**2 + q + 22. Give v(-11).
11
Let j(t) = -4*t - 12. Give j(-5).
8
Let d(i) = -6*i + 11. What is d(2)?
-1
Let n(s) = -s**3 - 8*s**2 - s - 5. Give n(-8).
3
Let y(n) = n**3 - 7*n**2 + 4*n - 6. What is y(6)?
-18
Let b(u) = -39*u**2 + u + 2. Give b(-1).
-38
Let o(y) = -y**3 - 7*y**2 + 8*y + 4. Calculate o(-9).
94
Let u(k) = -k**2 - 1. Calculate u(2).
-5
Let k(o) = -o**2 + 8*o - 12. Determine k(6).
0
Let s(g) = 20*g + 174. What is s(-9)?
-6
Let m(x) = -x**3 + 2*x**2 - 4*x + 13. What is m(2)?
5
Let f(z) = -z**3 - 9*z**2 - 4*z + 7. Determine f(-7).
-63
Let u(t) = -81*t + 395. What is u(5)?
-10
Let m(i) = i**3 + i + 23. Calculate m(0).
23
Let z(k) = -k**3 + 9*k**2 + k - 15. What is z(9)?
-6
Let y(t) = 2*t**2 + 7. What is y(-6)?
79
Let b(n) = 3*n + 5. Calculate b(-7).
-16
Let a(n) = 4*n + 27. Calculate a(-5).
7
Let k(x) = 8*x + 3. Give k(-4).
-29
Let d(q) = q**3 + 9*q**2 + q - 11. Give d(-9).
-20
Let v(l) = -8*l - 25. What is v(-5)?
15
Let p(l) = l**2 + 50*l + 178. What is p(-4)?
-6
Let s(r) = -r**2 + 13*r - 3. Calculate s(11).
19
Let j(h) = h**3 - 3*h**2 - 5*h - 1. Give j(4).
-5
Let o(r) = -r**2 + 10*r + 7. Determine o(12).
-17
Let d(s) = -7*s - 53. Calculate d(9).
-116
Let z(i) = i**3 + 12*i**2 + 30*i + 34. Give z(-9).
7
Let y(l) = -9*l - 15. Give y(-6).
39
Let s(y) = y**3 - 2*y**2 + 2*y - 1. What is s(1)?
0
Let q(z) = z**3 + 27*z**2 - 26*z + 61. Calculate q(-28).
5
Let r(n) = -19*n - 12. Calculate r(-1).
7
Let u(k) = 44*k + 126. Determine u(-3).
-6
Let t(z) = -z**3 - 16*z**2 - 16*z + 22. Calculate t(-15).
37
Let u(n) = 12*n**2 + 1. Determine u(-1).
13
Let i(o) = -6*o**2 + 17*o + 10. What is i(3)?
7
Let l(q) = -q**3 - q**2 - 3*q + 3. What is l(0)?
3
Let q(d) = d**3 + 16*d**2 - 19*d + 10. Determine q(-17).
44
Let v(r) = r**3 + 11*r**2 + 20*r + 11. Determine v(-9).
-7
Let u(p) = -2*p**2 - p - 3. Determine u(-2).
-9
Let d(t) = -t - 4. Give d(-2).
-2
Let y(h) = -23*h + 1696. Calculate y(74).
-6
Let j(p) = 3*p - 54. Calculate j(15).
-9
Let b(o) = 2*o**2 + 39*o - 69. What is b(-21)?
-6
Let i(c) = -3*c**2 + 19*c + 11. Give i(7).
-3
Let o(w) = w**2 - 12*w + 6. Calculate o(6).
-30
Let r(i) = 7*i + 130. Give r(-19).
-3
Let l(j) = j**2 + 19*j + 45. Give l(-3).
-3
Let z(s) = 7*s - 7. Give z(-6).
-49
Let y(u) = 12*u**2 + 158*u + 157. What is y(-1)?
11
Let z(i) = 2*i - 53. What is z(27)?
1
Let v(h) = -h**3 - 9*h**2 + h + 1. Give v(-9).
-8
Let g(i) = 5*i - 251. Calculate g(50).
-1
Let m(p) = p**3 - 3*p**2 - p - 7. Calculate m(4).
5
Let c(z) = -z + 10. Determine c(5).
5
Let p(y) = 7*y - 54. Give p(4).
-26
Let h(z) = z**3 + 6*z**2 - 6*z - 12. Calculate h(-6).
24
Let v(r) = -2*r**3 + 3*r**2 + 4*r + 2. Give v(-1).
3
Let c(b) = 10*b**2 - b - 2. Determine c(-1).
9
Let q(j) = -j**2 + 4*j + 1. Determine q(6).
-11
Let r(t) = 9*t**2 - 6*t + 3. Give r(2).
27
Let p(s) = -76*s + 8. Determine p(2).
-144
Let w(v) = -2*v**2 - 2*v + 3. Calculate w(-4).
-21
Let g(b) = 35*b - 10. Calculate g(5).
165
Let g(v) = v**3 + 6*v**2 + 2*v - 9. Give g(-5).
6
Let p(c) = 19*c + 1078. Calculate p(-57).
-5
Let x(y) = -2*y**2 - 8*y + 15. Determine x(2).
-9
Let h(y) = 3*y**2 - 29*y - 5. Calculate h(11).
39
Let v(q) = q**3 + 9*q**2 - 22*q + 14. Give v(-11).
14
Let g(d) = d**3 + 11*d**2 - 4*d. Calculate g(-11).
44
Let q(a) = 2*a**2 + 81*a + 118. Determine q(-39).
1
Let d(y) = -y**3 - 13*y**2 + y + 12. Give d(-13).
-1
Let b(o) = 7*o**3 + o**2 - 1. Calculate b(1).
7
Let x(v) = 2*v**2 - 11*v - 27. What is x(11)?
94
Let w(t) = -t**3 + 28*t**2 - t + 27. Determine w(28).
-1
Let n(z) = -3*z - 5. What is n(0)?
-5
Let w(q) = -q**3 + 8*q**2 - 8*q + 2. Give w(6).
26
Let j(l) = l**3 - 5*l**2 + l - 3. Determine j(5).
2
Let o(x) = -x - 10. Determine o(3).
-13
Let k(q) = q**3 + 22*q**2 - 4*q - 70. Determine k(-22).
18
Let s(h) = h + 2. Give s(-4).
-2
Let x(g) = -2*g**3 - g**2 + 1. What is x(-1)?
2
Let s(w) = w**3 - 7*w**2 + 4*w + 3. What is s(4)?
-29
Let l(k) = -k**3 + 7*k**2 - 8*k + 16. Calculate l(6).
4
Let k(x) = -x. Give k(-7).
7
Let g(d) = d**3 + d**2 + 4*d - 3. Determine g(3).
45
Let w(v) = 4*v + 84. Give w(-22).
-4
Let d(k) = 2*k**2 - 9*k - 6. Give d(5).
-1
Let x(g) = -g**3 - 3*g**2 - 4*g - 2. What is x(-3)?
10
Let i(u) = u - 11. Give i(16).
5
Let j(u) = u - 13. Determine j(0).
-13
Let o(m) = m - 5. Determine o(2).
-3
Let q(z) = z**3 - 3*z**2 + z. Calculate q(1).
-1
Let d(f) = -f**3 - 6*f**2 + 3*f - 19. Calculate d(-7).
9
Let u(x) = -4*x - 20. Give u(6).
-44
Let h(m) = 8*m - 822. Give h(103).
2
Let t(r) = -3*r + 19. Calculate t(7).
-2
Let u(i) = 4*i**2 + 41*i - 6. What is u(-10)?
-16
Let a(m) = -14*m - 26. Calculate a(-10).
114
Let y(a) = -a**3 - a**2 + a + 3. Determine y(-3).
18
Let f(o) = -28*o + 174. Give f(6).
6
Let m(h) = -3*h + 39. What is m(12)?
3
Let x(a) = -a**2 + 15*a + 6. Determine x(12).
42
Let o(u) = -u**2 + 8*u + 79. Give o(-6).
-5
Let n(i) = i**3 + 24*i**2 - 22*i - 20. Calculate n(-25).
-95
Let c(v) = -41*v + 281. What is c(7)?
-6
Let t(b) = -b**2 - 19. Give t(0).
-19
Let q(r) = r**3 - r**2 - 3*r - 4. Give q(3).
5
Let x(v) = -5*v - 4. Give x(-15).
71
Let c(j) = -4*j - 35. Determine c(-7).
-7
Let f(c) = -16*c**3 - 6*c**2 - 3*c - 1. Give f(-1).
12
Let b(n) = -n - 22. Determine b(-14).
-8
Let j(q) = -q**2 + 4*q. Determine j(2).
4
Let u(j) = 4*j - 2. Determine u(2).
6
Let m(g) = -g**3 + 9*g**2 - 13*g + 7. Give m(6).
37
Let j(u) = -14*u**2 - 2*u + 2. Calculate j(1).
-14
Let b(z) = -z**3 + 9*z**2 + 2*z - 19. What is b(9)?
-1
Let p(k) = k + 5. What is p(-5)?
0
Let f(n) = 17*n**2 - 1. What is f(-1)?
16
Let g(o) = 4*o + 7. Calculate g(5).
27
Let b(s) = s**3 + 4*s**2 - 6*s - 1. Calculate b(-5).
4
Let k(n) = n**3 - 13*n**2 - 14*n + 3. Calculate k(14).
3
Let v(z) = 5*z + 15. Give v(5).
40
Let a(h) = h**3 + h**2 - 8. Give a(0).
-8
Let j(y) = y**2 + 15*y + 10. Calculate j(-13).
-16
Let z(p) = p**2 - 1. Determine z(-1).
0
Let k(a) = -10*a**2 + 4*a - 2. Calculate k(2).
-34
Let u(y) = y**3 - 5*y**2 + y - 2. Calculate u(4).
-14
Let b(y) = -11*y - 97. Calculate b(-9).
2
Let v(m) = 6*m - 9. What is v(6)?
27
Let f(t) = -t**3 - 23*t**2 - 123*t + 44. Calculate f(-14).
2
Let w(l) = -2*l - 10. Determine w(7).
-24
Let f(r) = 32*r - 2. Calculate f(3).
94
Let b(x) = -4*x**3 + 41*x**2 - 14*x + 34. Give b(10).
-6
Let c(r) = r - 1. Calculate c(-7).
-8
Let i(x) = -x**3 + 9*x**2 - 4*x. Give i(9).
-36
Let l(s) = -25*s - 20. Calculate l(-2).
30
Let k(c) = -8*c + 3. Calculate k(3).
-21
Let k(u) = u**2 + 4*u - 19. What is k(3)?
2
Let m(u) = -9*u + 2. What is m(1)?
-7
Let w(j) = 5*j - 64. Determine w(14).
6
Let b(k) = k**3 - 17*k**2 - 36*k - 14. Calculate b(19).
24
Let l(r) = -r**2 - 5*r - 19. What is l(8)?
-123
Let c(w) = 3*w - 1. Calculate c(4).
11
Let k(w) = -2*w - 18. Give k(-13).
8
Let y(j) = -j**2 - 28*j - 155. Calculate y(-8).
5
Let b(g) = -21*g - 205. Calculate b(-10).
5
Let r(a) = -a**3 + 7*a**2 + 2*a + 6. Calculate r(7).
20
Let x(c) = -4*c**2 - 18*c - 8. What is x(-8)?
-120
Let n(w) = w**2 - 5*w - 8. Give n(6).
-2
Let h(x) = -25*x + 8. Give h(1).
-17
Let m(i) = 2*i + 35. What is m(-17)?
1
Let h(i) = -i**2 + 16*i - 53. Calculate h(11).
2
Let i(u) = u - 2. Give i(-2).
-4
Let g(r) = r**2 - 12*r + 14. Give g(7).
-21
Let j(o) = -2*o**3 - 14*o**2 - 13*o - 8. What is j(-6)?
-2
Let d(b) = -b**3 + 12*b**2 - 7*b + 94. What is d(12)?
10
Let t(h) = -h**3 - 5*h**2 - 2*h + 4. Give t(-3).
-8
Let o(y) = -y**3 - 14*y**2 - 13*y + 3. Give o(-13).
3
Let h(n) = -n**3 + 3*n**2 + 7*n - 10. What is h(4)?
2
Let z(y) = 2*y**2 + 26*y + 22. Give z(-11).
-22
Let i(a) = a**2 + 4*a - 3. What is i(-6)?
9
Let v(i) = -2*i - 96. Give v(-48).
0
Let c(w) = -41*w + 38. Determine c(1).
-3
Let u(j) = j**2 + 2*j + 6. Give u(-3).
9
Let i(r) = -26*r**3 - r**2 + r + 1. Determine i(-1).
25
Let w(t) = -t**3 - 6*t**2 - 4*t - 2. Determine w(-5).
-7
Let j(i) = 2*i**2 + 57*i + 301. What is j(-7)?
0
Let j(i) = -6*i + 3. What is j(